 (-2 - -7) + -9 + 12 - 1?
7
Calculate 2 + (-12 - 0) + 3.
-7
Calculate 4 + -6 + (5 - 2) - 1.
0
What is (-2 - 2) + 5 + (0 - 1)?
0
What is -18 + 19 - (0 + -1)?
2
3 + (-9 - 5) + 5
-6
Calculate (-15 - -2) + 12 + -4.
-5
Evaluate (5 - 3) + -2 + (3 - 0).
3
What is 2 - (16 + -6 + -11)?
3
What is (-4 - -7) + 1 + -6 + -2?
-4
Evaluate (2 - (12 + -3)) + 5 + 1.
-1
Calculate 4 - 0 - (7 - 3).
0
Evaluate 6 + (1 - -4 - 10) - 6.
-5
What is the value of -8 + (-2 - -3) - (-37 - -30)?
0
What is (-9 - -20) + -8 - (1 - -3)?
-1
What is the value of (-9 - -20) + -7 + -4?
0
-3 + 3 + -4 + -2
-6
Evaluate -9 - ((5 - -7) + -5 - 26).
10
What is the value of -1 + (1 + 4 - 2)?
2
What is the value of -5 - -3 - (-5 - (-1 + -3))?
-1
(-1 - -2) + 1 - (-19 - -27)
-6
Evaluate -13 + 10 + 5 - (1 - 9).
10
Evaluate (-3 - -5) + -10 - -3.
-5
What is 6 + -9 + 9 + -10?
-4
Evaluate ((0 - -3) + 8 - 4) + -1.
6
What is -4 - (4 + 1 - (32 + -17))?
6
Evaluate -1 + (-5 - -1) - (23 - 24).
-4
Evaluate -10 + (4 - -7) + -3.
-2
Evaluate 5 + -4 - (-2 - 2).
5
Evaluate (0 - (-17 + 8)) + -10.
-1
What is the value of -4 + -1 + 2 + -1 + -1?
-5
What is (-10 - 2) + 25 + -4?
9
Calculate (-2 - -5) + -11 + (2 - -5).
-1
Evaluate 7 - 14 - (6 + -4 + -1).
-8
-3 - (3 - 1) - (0 + -10)
5
What is the value of -5 - 3 - -7 - 1?
-2
What is -6 + (0 - (-2 + -3))?
-1
Evaluate 4 + 2 + -3 - (0 - 2).
5
Calculate 0 + -5 + 4 + 1 + -1.
-1
Evaluate 1 + 0 + (7 - 10).
-2
What is -8 - (-5 - 1 - (-4 + 2))?
-4
Calculate 2 + -4 - (-2 + -4).
4
What is the value of 5 + (-17 - -3) + 8 - -7?
6
6 + (-4 - (-8 + 7))
3
13 + -17 - ((-1 - 1) + 1)
-3
Calculate (-15 - -14) + (2 - 0).
1
What is -6 - 3 - -15 - 5?
1
What is 65 - 76 - (1 - -6) - -8?
-10
What is -1 - 1 - 0 - (-3 - 1)?
2
Evaluate (-7 + (13 - 6) - -2) + -5.
-3
Evaluate -6 + (0 - 10) + 12.
-4
What is (65 - 81) + -1 + 10 + -2?
-9
-2 - -6 - (7 - -2) - 0
-5
What is 4 + (-2 + -8 - 0)?
-6
Evaluate -5 - -8 - (0 - -4).
-1
-5 - 4 - (-4 + -2 + 2)
-5
What is the value of -1 - 0 - (4 - 1)?
-4
What is the value of 4 - (-1 + 9 + -10)?
6
Calculate -7 - (4 + 2 - 8).
-5
6 + -1 + 4 + (-2 - 13)
-6
What is the value of (8 + 1 - 5) + -6?
-2
Calculate -1 + (12 - 3) + (-4 - -1).
5
-3 + 2 + 1 + -5
-5
Calculate 1 + 4 + (-18 - (0 - 7)).
-6
Calculate 7 + -12 + (-4 - -5) + 5.
1
Evaluate 3 - 7 - (-6 - -1) - 3.
-2
Evaluate 8 + -22 + 8 + 5 - 3.
-4
Calculate -7 - (19 + -9 + -10).
-7
What is the value of (-1 - 2) + 1 + 1?
-1
(-19 + 9 - -21) + -9
2
8 + (3 - 8) - (0 - -2)
1
What is -7 + 7 + 10 + -6?
4
-4 + 9 - (-9 + 8)
6
Calculate 3 - (-6 + 3) - 5.
1
Evaluate 2 + (-3 - 1) - 2.
-4
What is the value of 5 + -7 - 0 - -3?
1
Calculate -1 + -5 + 11 + -12 + 15.
8
Calculate -6 + (4 - -3) + -5 + 11.
7
What is 10 + -1 + (5 - 3 - 7)?
4
What is the value of (2 - -2) + -8 + (-2 - -8)?
2
What is 3 - ((-4 - -13) + (-2 - 2))?
-2
What is the value of 2 - 2 - (2 + -7) - 3?
2
0 - 4 - (-23 - -24)
-5
Evaluate 0 - (8 - (0 + 5)).
-3
What is (-11 - (9 - 11)) + 3?
-6
19 + -7 + 16 + -33
-5
What is the value of -6 + 8 + -7 + -1?
-6
Evaluate (-3 + (0 - -2) - 3) + 9.
5
Calculate -5 + (3 - 6 - -12 - 4).
0
What is the value of -7 + (2 + -6 - -14)?
3
Calculate 5 + (-6 - -6) + -6.
-1
What is the value of -3 + (1 - -4 - 3)?
-1
(-2 + 2 - 4) + 1
-3
What is the value of -5 - (-8 + 2 - 4) - 10?
-5
Evaluate (1 - -9 - 9) + -10.
-9
Calculate 3 + (-3 - 0) - (-4 - -2).
2
Calculate -1 - (11 + -12) - (1 + 0).
-1
Evaluate (-1 - -6) + 3 + -4 + 1.
5
What is 5 - 8 - 0 - -7?
4
What is the value of (-11 - (13 + -25)) + -11?
-10
Calculate 2 - (-2 + 1) - (-8 - -7).
4
14 - (-6 - 1 - -14)
7
What is 0 - 2 - (-1 + 1 + -1)?
-1
Calculate -7 + (4 - 5) + 6.
-2
Calculate 5 - (3 + (2 - 0)).
0
What is the value of -9 - (7 + -18 + 10)?
-8
(1 - 3) + (-7 - -6)
-3
(-1 - (-2 - -5)) + 1 + -7
-10
Evaluate 3 + 1 - (3 + -4 + 0).
5
What is (-11 - -7) + (-5 - 0 - -3)?
-6
Evaluate 0 + -4 - (4 + -11).
3
Calculate 12 + -7 + (-12 - -5).
-2
What is the value of 1 + 7 + 1 + -8?
1
Evaluate -1 + (6 + -8 - -3).
0
What is the value of 4 + (-5 + 1 - -7)?
7
Evaluate -2 - 2 - (3 - 9).
2
What is -6 + (-5 - -8) - -9?
6
Evaluate 2 + 1 + -2 + -1 + -5.
-5
Evaluate 5 + (-6 + 16 - 20).
-5
What is -1 + -1 + -3 + (5 - 3)?
-3
Calculate 7 + (1 - (2 - 2)).
8
What is -55 + 48 - (-1 + -3 + 0)?
-3
13 - 12 - (2 - 6)
5
Calculate -1 - -5 - (-1 + 10).
-5
Calculate (3 - 3) + 2 + -2 + -2.
-2
Calculate (5 - (6 - 1)) + -5.
-5
Calculate -6 - (2 + -2 - (3 - 1)).
-4
What is the value of -12 + -19 + 34 - (-7 - 0)?
10
(7 - -4) + (-16 - -1)
-4
What is 2 + 1 + -3 + -3 - 0?
-3
(306 - 312) + 1 + 7
2
What is the value of -7 - (-4 + 4 - (8 - 9))?
-8
What is -2 + 11 - (25 - 23)?
7
Calculate 1 + 1 + (9 - 8).
3
Calculate 3 + (0 - (4 - 3)).
2
0 - -1 - (-10 - -6)
5
Evaluate -1 - (-11 - (-2 - 5)).
3
What is the value of 5 + -1 + (-1 - 1) + -2?
0
Evaluate 2 - ((-8 - -1) + 7).
2
Calculate 4 - (1 + 0) - (5 - 1).
-1
What is the value of 0 + -5 - (-5 + 2)?
-2
3 + 3 + -6 + -4
-4
What is the value of -7 - -4 - (-2 - 0)?
-1
-3 + -6 - (2 - 7)
-4
What is (8 - 5) + 2 - 1?
4
Evaluate -3 + (6 + 0 - 4).
-1
1 + (-1 - -3) - 0
3
What is the value of 1 + (2 - -1) - (43 + -44)?
5
0 + (9 - 7) - 9
-7
1 - 0 - (0 - 3)
4
1 - (2 + 6) - -7
0
What is 2 + -1 + -6 + 9?
4
Evaluate -6 + (8 - 14) - -8.
-4
8 - (-5 + 13 - 9)
9
Evaluate -7 + (2 + -6 - (-6 - -1)).
-6
Evaluate -4 + (-2 - (4 + -7)).
-3
What is the value of (8 - 12) + 4 + 1?
1
Evaluate 4 + -3 - 2 - (3 + 0).
-4
1 + -3 + (1 - -6) + 1
6
What is the value of (-9 - 0) + 13 + -8?
-4
What is (-8 - 8) + 16 + (-5 - 1)?
-6
What is 11 + (0 - 4) - -2?
9
What is -2 + 1 + -2 - (-4 - -2)?
-1
Calculate 3 - ((-6 - -6) + -1).
4
What is the value of (10 - 11) + -1 + 7?
5
Evaluate 13 + -7 + -2 - (-2 + 6).
0
Evaluate -1 + -5 - (-6 - -3).
-3
What is 3 - (-11 + -2) - (-3 + 11)?
8
What is the value of -3 + 8 - (-3 - -5 - 0)?
3
What is the value of (0 - (-1 + 2)) + 1?
0
What is the value of 2 + -2 + 5 + 0?
5
Calculate -12 + 16 + 6 + -7.
3
Calculate (17 - 10) + (-3 - 0).
4
(-39 - -32) + 2 + 7
2
Calculate 6 + -11 - (-2 - -1 - 3).
-1
Calculate (4 + 1 - 7) + 1.
-1
Evaluate -2 + (0 - (-1 + -4)).
3
Evaluate (-2 - -7) + 1 - 2.
4
-3 - -2 - ((4 - 3) + 3)
-5
Evaluate -3 - (5 - -7 - 6 - 0).
-9
Evaluate 0 + -1 - (0 - -3 - 6).
2
What is the value of -2 + 8 + -11 + 2?
-3
What is (-3 - -12) + (-5 - 1)?
3
Calculate -4 - (6 - (9 - 1)).
-2
-11 + (10 + -3 - 1) + -1
-6
Calculate (1 - 15) + 5 + 16.
7
Calculate 6 + (-12 - -2) + 11.
7
9 + 0 - (8 - 1)
2
Calculate 7 + -1 + -12 + 5.
-1
What is the value of 3 + (8 - ((7 - 8) + 14))?
-2
(9 + 1 - 5) + -10
-5
What is the value of -4 - (-2 + -2 - (2 - 4))?
-2
What is the value of -3 + 0 + -25 + 21?
-7
Evaluate 4 + (6 - (11 - -4)) + 5.
0
What is the value of -4 - ((-3 - 3) + 4)?
-2
-20 + 2 - -7 - (-10 - -4)
-5
What is 0 + -4 + -11 + 16?
1
3 + -3 + -17 + 15
-2
What is (0 - -2) + -110 + 115?
7
What is 6 + (-8 + 1 - -6)?
5
Evaluate -6 - (-6 + 2 + 1).
-3
What is the value of (3 - 1 - (40 + -39)) + 7?
8
Calculate -10 - (-7 - 3) - (4 + 2).
-6
15 + -9 + 11 + -12
5
-8 - -4 - 0 - (-5 + 6)
-5
Calculate 8 - ((3 - -1) + -21 + 18).
7
0 + -9 + 0 - -13
4
Evaluate 2 - (1 - 4 - -8).
-3
Calculate 6 + 6 + -18 + 5.
-1
1 - (1 + 4 + 3) - -2
-5
166 + -171 - (0 - 0)
-5
What is -2 + 3 + -3 + -2 + 3?
-1
What is the value of 9 + -11 + (-5 - -10)?
3
(3 + 3 - 3) + -1 + 2
4
Calculate 3 + -6 - (-6 - -8).
-5
Calculate (-9 - (12 + -11)) + 11.
1
Calculate (-3 - 1) + 3 - 5.
-6
(3 - 15 - -6) + 2
-4
4 - ((-3 - -10 - 0) + 2)
-5
What is the value of 6 - (3 + 1 + 3)?
-1
What is the value of 1 - (5 + -2 + -5 + 7)?
-4
What is 13 - (6 - 3 - -9)?
1
What is the value of -1 + (-1 + -7 - -6)?
-3
What is 5 + 7 + -4 + -15 - 1?
-8
(-12 - (-6 - -4 - 4)) + 1
-5
What is -4 + 11 + 14 + -23?
-2
Calculate 2 + (-1 - 1) + -1 - -4.
3
What is the value of -7 - (-9 + 14 + (-13 - -2))?
-1
Evaluate 4 + (-5 - (-3 - 0)).
2
Calculate 8 + (-5 - 4 - (-8 - -1)).
6
3 + -6 + 4 - -3
4
1 + (6 - (1 + (1 - -5)))
0
What is the value of -5 - 12 - -16 - (-1 + 1)?
-1
Calculate -6 + 1 - (0 + -6 + 1).
0
Calculate -10 + (3 - -3) - -10.
6
What is the value of -9 - (3 + 1 - (-13 + 23))?
-3
What is 11 - 1 - (-142 + 155)?
-3
What is the value of 2 - ((-2 - -5 - 4) + 5)?
-2
What is the value of -1 - (0 + -5) - 5 - -3?
2
What is the value of 3 + -4 + 10 - 7?
2
Calculate -5 + 0 + (23 - 23).
-5
Calculate -2 - (3 - 